 - -3*(-12)/9. Determine f(n).
0
Let c(l) be the third derivative of -l**4/8 - l**3/2 - 8*l**2 - l. What is c(-2)?
3
Let g = -1 - -2. Let v(k) = 2*k - g + 1. Suppose 9 = -3*z - 2*f - 0*f, 5*f + 15 = 0. Give v(z).
-2
Suppose 2*h + 1 = 5. Suppose -z + 4 = -h*z. Let j(d) be the second derivative of -d**5/20 - d**4/3 + 5*d**2/2 + d. Give j(z).
5
Let k(d) = -d + 1. Suppose a + 2 = -a. Let x(j) = -6*j + 7. Let c(q) = a*x(q) + 5*k(q). Calculate c(2).
0
Let z(x) be the third derivative of -3*x**6/40 + x**5/60 - x**3/6 + 7*x**2. Determine z(-1).
9
Suppose -2*p - 3 = -9. Let m(v) = -1 + 5 - 6 + p - v. Give m(-2).
3
Suppose -5 - 1 = -2*m. Let z(s) = 2*s**m - 3*s**2 + 4*s**2 + 4*s**2 - 3*s**3 + s. What is z(5)?
5
Let w(x) = 2*x**3 - 2*x**2 + x - 2. Let t be 1*(3*-1)/3. Let d be (1 - t - 0) + 0. Let j be (d - 8/3)*-3. What is w(j)?
8
Let j(q) be the first derivative of 11*q - 5 + 1/2*q**2. What is j(0)?
11
Suppose 2 = 4*m - 2*m. Let z(o) be the first derivative of o**3 + o**2 - o + 1. Determine z(m).
4
Let o(q) = -4*q**2 - 220 - q**3 - 3*q**2 + 226. What is o(-7)?
6
Let b(c) = c - 2. Suppose 15 = n - 3*a, 0 = -2*n + a - 3 + 8. Let x = 4 - n. Suppose -6*m = -4*y - m + 18, 4*m = x*y - 16. Determine b(y).
0
Let j(t) = -t**3 + 2*t**2 + 4*t - 1. Suppose -4*v = 6*x - x + 12, 3 = x - v. Suppose x = -7*m + 9*m - 6. What is j(m)?
2
Let k = -33 - -34. Let r(c) = -c. Give r(k).
-1
Let q(f) = 6*f - 1 - f**2 - 4 + 5. Let z = -8 + 11. Determine q(z).
9
Let g(q) = -q**3 + 1. Let b be 2/(-6) - 2/(-6). Suppose b = 5*c + 17 - 42. Let t = 7 - c. Calculate g(t).
-7
Let n(a) = -3*a**3 + 2*a**2 + 3*a + 8. Let u(y) = y**3 - y**2 - y - 4. Let h(b) = -2*n(b) - 5*u(b). Give h(0).
4
Let k = 2 - 1. Let b(g) = -2 + g - k - 1. Let q be 27/(-5) + 4/10. Give b(q).
-9
Let x = 47 + -54. Let k(w) = -w**3 - 8*w**2 - 7*w. Calculate k(x).
0
Let p(y) = -3*y - 37. Let a(r) = -r - 18. Let h(c) = 5*a(c) - 2*p(c). Give h(0).
-16
Let q(n) be the first derivative of -n**6/360 - n**5/120 - 2*n**3/3 - 3. Let j(r) be the third derivative of q(r). Suppose -3*p + 1 - 4 = 0. Calculate j(p).
0
Let y be (-1 + 1 + -3)/1. Let v(w) = 15 - 24 + w + 10. Give v(y).
-2
Let t(n) = 2*n**2 - 19*n**3 + 3*n**3 - 1 + 8*n**3. What is t(-1)?
9
Let d = 5 + -1. Suppose d*v = 3*u + 12, 0*v + 3*v - 9 = -5*u. Let g(x) = -5*x + x + v*x. What is g(3)?
-3
Let m(k) be the first derivative of k**2 + 2*k + 4. Determine m(-2).
-2
Let n(k) = 1 + 27*k + 27*k - 41*k. Determine n(1).
14
Let i(f) = -21 + 21 + f**3 - 4*f + f**2. What is i(-3)?
-6
Let c(t) = t**3 - 4*t**2 + 2*t + 2. Let s be (-34)/(-3) - 2/(-3). Suppose -5*l = -s - 13. Suppose -4*z - 2 = -4*u - 26, -z + 22 = -l*u. Give c(z).
-2
Let h(d) = 441*d**3 - 105*d**2 - 105*d - 105. Let z(j) = 17*j**3 - 4*j**2 - 4*j - 4. Let q(l) = 4*h(l) - 105*z(l). Determine q(1).
-21
Let w(z) be the first derivative of -2*z + 2*z**2 + 2 + 6 - 1. Give w(3).
10
Suppose -11*o + 48 = -3*o. Let x(v) = v**2 - 8*v. What is x(o)?
-12
Let y be 30/3 + -5 - 8. Let z(i) = i**2 + 7*i - 3. Let p(w) = w**2 + 8*w - 3. Let v(m) = 5*p(m) - 6*z(m). Give v(y).
0
Let v(x) = -8*x**2 + 6*x - 6. Let z(l) = -7*l**2 + 6*l - 6. Let d(o) = -5*v(o) + 6*z(o). What is d(4)?
-14
Let x(l) = l + 4. Let s be x(-3). Let a = s + -3. Let n(i) = -3*i**2 - 2*i. What is n(a)?
-8
Let y be (-48)/(-26) + 14/91. Let j(o) = 5*o + 0 + y - 3. What is j(1)?
4
Let p(a) = -a**2 + 4. Let b = -5 - -9. What is p(b)?
-12
Let l(t) = -t**3 - 5*t**2 - 4*t - 6. Let d(y) = y - 68. Let w be d(0). Let f be 1/(-4) - w/16. Let v be 1*-3 + f/(-4). Give l(v).
-6
Let b(m) = -3*m - 38. Let x be b(-12). Let h(n) = n + 2*n**3 - 3*n**3 + 0 + 1. Give h(x).
7
Let j(d) be the third derivative of -d**5/60 + 5*d**4/24 - d**3/6 + d**2. Let g = -8 + 10. Let v be (g/6)/(2/18). Determine j(v).
5
Let a(q) be the first derivative of -q**2/2 + 5*q + 12. Determine a(5).
0
Let h(j) = 3*j - 1 + j**3 + j + 4*j**2 + 0*j**3. Let g(w) = w - 12. Let v be g(9). Calculate h(v).
-4
Suppose 3*q - 13 = -m, m + 19 = 5*q + 2*m. Let w(j) = j + 4*j**2 + 3 + 5*j**3 - 4 - 1 - 3*j**q. What is w(-2)?
-4
Let c(f) = 6*f**3 + f. Suppose -4*u + 5*l = -24, l = 3*u + 6*l - 18. Suppose 3*k - u*j = -4*j - 8, 4*k - 5*j = 1. Let s be 4/k*(-24)/(-16). Determine c(s).
-7
Let r(y) = -y**2 - 5*y - 6. Let s be r(-7). Let x be ((-15)/s)/((-2)/(-8)). Suppose x*b + 4 = -b. Let p(w) = 5*w**2 - 1. What is p(b)?
4
Suppose 3*p = 4*r + 1 + 3, -2*p + r = -6. Suppose -3*j - 2*j = -5. Let y(g) = -3*g + j + g**2 - 4*g + 3*g. Give y(p).
1
Let v(i) = i**2 + i - 1. Suppose -4*r - 10 - 10 = 0. Let a(p) = 4*p**2 + 5*p - 4. Let f(d) = r*v(d) + a(d). Suppose 7 + 3 = -5*g. Determine f(g).
-3
Let w(o) be the second derivative of o**5/20 - o**4/2 - 7*o**3/6 - 7*o**2/2 + 10*o. Calculate w(7).
-7
Let o be (-3)/(-1)*(-4)/3. Let i(v) = -v**2 - 4*v - 3. Determine i(o).
-3
Suppose 3*o - 7*o = v - 18, -4*v + 17 = 5*o. Let g = 5 - 9. Let s(k) = -11*k**2 + 5*k + 2. Let p(m) = 6*m**2 - 3*m - 1. Let x(b) = g*s(b) - 7*p(b). Give x(v).
5
Let w be -1*(-5 - 2/(-1)). Suppose 2*j + j = w. Let y(t) = 11*t**3 - t. What is y(j)?
10
Suppose 40 = 7*y - 2*y. Let r(k) = y*k - 12*k - 1 + 0*k. Determine r(-1).
3
Let m(j) = -j + 6. Let t(z) be the second derivative of z**4/12 + z**3/6 - z**2/2 - 2*z. Let b be t(-3). Determine m(b).
1
Let p(d) = -7*d**2 + 4. Let x(o) = -6*o**2 + 3. Let m(s) = -4*p(s) + 5*x(s). What is m(1)?
-3
Let x be -3 + 7 + (-9)/3. Let h(j) = -x + j - 1 + 1. What is h(-4)?
-5
Let g = -9 - -9. Let m(q) = 5 + g + 2*q + 1. Determine m(-6).
-6
Let t(j) = -j + 1. Suppose 0 = 4*s + 9 - 29. Let f be t(s). Let x = 3 + f. Let v(h) = -4*h - 1. Calculate v(x).
3
Let v(q) = q + 3. Suppose -5*s = -4*s + 5. Calculate v(s).
-2
Let l be -2*(2*20/(-16) - -3). Let q(i) = 14*i**3 - i**2. What is q(l)?
-15
Suppose -8*g + 3*b + 30 = -3*g, 4*b = 5*g - 30. Let u(h) = 2*h - 4. What is u(g)?
8
Let v(c) = -3*c**3 + 18*c**2 + 14*c + 38. Let q(o) = -o**3 + 6*o**2 + 5*o + 13. Let z(n) = 17*q(n) - 6*v(n). Determine z(6).
-1
Let v = 9 + -7. Let y(l) = 2 - l**2 + v - 2 - 4 + 5*l. Determine y(3).
4
Let l(d) = d**2 - 6*d + 2. Let h(p) = p + 1. Suppose 4*c + 1 + 3 = 0. Let s(v) = -5*v**2 + 4*v + 6. Let z(m) = c*s(m) + 5*h(m). Let j be z(1). Determine l(j).
-3
Suppose -8*h = 7 + 1. Let c(k) = -k**2. Calculate c(h).
-1
Let a(p) = -3*p**3 + p**2 + p + 1. Let y be a(-1). Let d(n) be the first derivative of -n**2/2 + 4*n - 2. Calculate d(y).
0
Let p(g) be the first derivative of g**4/6 + g**3/3 - g**2 - 3*g - 1. Let y(v) be the first derivative of p(v). Give y(-2).
2
Let t be (-6 - -6) + (1 - -1). Suppose -4*l - 2*a - 28 = 0, -4 = 2*l - 5*a - t. Let m(h) = h**2 + 5*h - 4. Give m(l).
2
Let s(x) = -7*x**2 - 2*x + 4. Let z(v) = 6*v**2 + v - 4. Let t(w) = -5*s(w) - 6*z(w). What is t(6)?
-8
Let z = 10 - 1. Suppose z = 4*l - 15. Let p(h) = 6*h - l*h + 1 + 2*h. Calculate p(4).
9
Let d(q) = q**2 - 2*q - 1. Let r be d(3). Let u(v) be the first derivative of -3 + 0*v**2 + 0*v**r - v + 2*v**2. What is u(-1)?
-5
Let o(a) be the second derivative of 5/12*a**4 - 1/20*a**5 + 5/6*a**3 + 0 - 2*a**2 + 7*a. Calculate o(6).
-10
Let s(l) = -l + 3. Let m be (-8)/(-2) - (-4)/(-2). What is s(m)?
1
Let z(s) = 1 - 7 - 6*s**2 + s - 4. Let f(c) = -7*c**2 + 2*c - 11. Let w(r) = 5*f(r) - 6*z(r). Suppose -b = 3*j + j + 14, 0 = j - 3*b + 10. Calculate w(j).
5
Let g(x) = -4*x - 51. Let d be g(-13). Let a(k) = -k**2 - 1. Let y(f) = -6*f**2 + 2. Let m(o) = 3*a(o) + y(o). Give m(d).
-10
Let a(l) = -145 + 292 + 2*l - 150. Let q = -3 - -5. Determine a(q).
1
Suppose -j - 7*n = -2*n + 33, -j + 2*n = -2. Let w = j + 9. Let y(i) = -7*i**2 + 1. Calculate y(w).
-6
Suppose 0 = -2*d + t + 8, 3*d - 6*t = -t + 12. Let n(s) = 4*s - 3*s**2 + 1 + 1 + s**3 - 6*s. What is n(d)?
10
Let b(a) = -4*a - 11. Let o(i) = 2*i + 5. Let q(c) = 2*b(c) + 5*o(c). Determine q(-4).
-5
Let k(m) = m**2 - 2*m - 5. Let s(l) = -l. Let z(n) = k(n) - 6*s(n). Give z(-4).
-5
Let f(g) be the first derivative of -g**4/4 + g**3/3 + g - 7. Determine f(0).
1
Suppose -23 = 13*w + 3. Let z(i) = -i**2 + i - 2. Give z(w).
-8
Suppose 0 = 3*c - 4 - 5. Suppose 0*d + 4*t = 2*d - 4, -4*t = -c*d + 6. Let u(v) = -3*v**2 + 4*v + 5*v**2 + 0*v**d. Give u(-3).
6
Let u be ((-20)/(-6) + -4)*-3. Let k(y) = y**3 - 3*y**2 - y. What is k(u)?
-6
Let y(d) be the second derivative o